-15 - -26) + (2 - 12)
-2
What is the value of (36 - 3) + -19 + (-2 - -6)?
18
What is the value of 17 - (-12 + (18 - -31))?
-20
Evaluate -55 - (-3 - (5 + -16 + -6 + 9) - 16).
-44
48 + 32 + 8 - 52
36
8 + (41 - (4 - -67))
-22
175 - 120 - -60 - 23
92
What is -143 + 90 - -44 - -71?
62
Calculate -20 + 1 + 170 + (117 - 229).
39
63 + -76 - 50 - 17
-80
What is -49 - -57 - (40 + (6 - (25 + -11)))?
-24
79 + -12 + (-21 + (23 - -7) - 18)
58
What is 28 + -6 + -3 + -29 - (-1 - 56 - 4)?
51
What is the value of (11 - (30 - -10)) + (-1 - 5) - (1 - -3)?
-39
Calculate -165 + 179 - (1 - -30) - (-3 - -15).
-29
What is the value of -13 + 14 + 4 + -12 + 44 + -7?
30
What is (49 + -23 - 3) + -3?
20
What is the value of -18 + (-26 + 19 - -38 - -25)?
38
-24 + (-3 + 3 - -16) + -11 + -11
-30
What is (-7 - -6) + (-3 - 0 - -33) + 7?
36
What is the value of (-25 - -5) + (-654 - -655) + (36 - 1)?
16
Evaluate 15 + (-203 - -61) + 38.
-89
Calculate (-28 + -3 - -15 - 0) + -5 + 3 + 144.
126
Evaluate -81 + (0 - -9) + (4 - 11) + 10.
-69
Calculate -32 + (0 - -29 - -7).
4
Calculate 62 - 99 - (22 - 42).
-17
Calculate 57 + 0 + 143 + -143.
57
What is 117 + (-79 - (3 - 10))?
45
Evaluate 69 - (25 + -7 + -30).
81
What is the value of -1 - (7 + -51) - (1 - -10)?
32
What is the value of (-18 - -6 - 26) + 51 + -13?
0
5 + -2 + (-3 - -9) + -76 + 63 + -21
-25
-1 - (-22 + 8 - (-12 - 4) - 114)
111
Evaluate 30 - (15 + -2 - -5) - (9 - 5 - 28).
36
What is the value of -17 + (-12 + -3 - (10 + (6 - 14)) - -10)?
-24
What is the value of 13 + -4 + (7 - -4) + 3 + 4?
27
What is (29 + -28 + 0 - ((3 - 3) + -49)) + -6?
44
Evaluate 65 + -2 + 15 - (0 + 18) - -8.
68
Calculate -118 + 0 + (9712 - 9667).
-73
Calculate 117 + -139 - (-1 + -57).
36
What is the value of (62 - 19) + 212 - 123?
132
Calculate (6 - -1 - (-71 + 70)) + -44.
-36
Calculate 4 + ((64 - 71) + (2 - (5 + -2)) - -29).
25
Evaluate -3 + 49 + -38 + 31.
39
Calculate 21 + (-10 + (10 - 12) - -19).
28
Evaluate -12 + 4 + (-12 - (-105 + 8)) + -10.
67
What is the value of (2 - (11 - 7 - 8)) + -2 - (-79 - -16)?
67
What is the value of 56 + -74 + 72 + 11 + -4 - 12?
49
Evaluate (5 - 3) + -4 + -2 + 73 + 3 + 6.
78
432 + -435 - (-18 + 1 - 1)
15
What is -12 + 2 - ((479 - 440) + -1 + -155)?
107
What is the value of -44 + 3 + 2 + -10 + 2 + -95 + 92?
-50
Evaluate 0 + 16 + -1 + 527 + -480.
62
Calculate (4 - 0) + ((1 - 1) + 13 - (133 + -146)).
30
(9 - 15) + 30 + -4 + -9
11
Calculate 9 + (-9 + 101 - 21) - (-6 - -20).
66
What is -37 + (-19 - 21 - -45 - -42)?
10
What is the value of 6 - (-6 - (-13 + 11 - 1))?
9
What is -14946 + 15025 - (1 + 23)?
55
Evaluate 75 - 109 - (-7 + 22).
-49
What is (17 - (-14 - ((36 - 14) + -17))) + (7 - 3)?
40
What is 79 - (97 + 64 + -161)?
79
What is the value of 23 - (-5 + -5 + (-20 - -38))?
15
Calculate -13 - (-56 - (7 - 7)).
43
Evaluate 4087 + -4165 + 145 + -1.
66
What is 1 + 39 + (4101 - 4079 - (21 + 2 + -4))?
43
Evaluate 0 + -1 + 2 + 23 + (-93 - -57).
-12
Evaluate (-6 + -1 - (4003 + -4022)) + -14.
-2
What is 68 - (3 + -20 + 3 + (3 - -2)) - -13?
90
What is the value of -58 + 74 + -74 + 18?
-40
Evaluate -5269 + 5397 + (-7 - (-2 - (-2 + -1))).
120
(-6 + 0 - (-113 - -114)) + -6 + 53
40
What is 34 + -2 + -2 + -1 + (37 - 30 - 11)?
25
Evaluate (78 + 3 - 0) + (86 - -28) + -130.
65
Calculate 51 + -40 + 40 + 71.
122
0 + 21 + (2977 - 2986)
12
Calculate -25 - (0 + -13 - (-2 + -14)).
-28
Evaluate (-1 + 0 - 18) + -159 + (195 - 48).
-31
What is the value of -1023 - -981 - (0 - -1 - 10)?
-33
Evaluate (0 - (6 - -4)) + -1 + -16.
-27
-33 + -1 - (-658 + 703 + -1 + -45)
-33
Calculate (-2 - -7) + (-172 + 53 - (-5 + -32)).
-77
2 + -5 - 32 - (13 + (-7 - 6) - -1)
-36
Calculate (-33 - -26) + -1 + 45.
37
9 + 17 + -17 + -3 - (23 - -1)
-18
Evaluate -38 + (7 - -24) + 7 + (-74 - -1) + 7.
-66
What is 17 + (1 + -16 - 1) - (8 + -2)?
-5
-75 + 53 + -64 - -90
4
Calculate -26 + (-85 - -23) + 97.
9
What is the value of -19 - -3 - ((-24 - -24) + (-4 - 9) + 7)?
-10
Evaluate -31 + (-127 - (-103 + -3)).
-52
Evaluate 30 + 3 - (-1 + 16 - 9).
27
41 + (42 - (-21 + 15))
89
Calculate (75 - -87) + -51 + -60.
51
What is the value of -6 + 18 + 4 + (98 - (3 + -12))?
123
62 - (-101 - (-57 + -16))
90
Calculate (-53 - -66) + 0 + 43 + (-5 - -2) + -3.
50
(-6 - -53) + (8 - (40 - 24))
39
What is -975 + 1012 - (-3 + 49)?
-9
11127 - 11082 - ((2 - 10) + -1)
54
What is (73 - 72) + (-7 - -28) - (1 - -11)?
10
39 + (-271 - -101) - (4 + -19)
-116
(-51 + 5 - -46) + 37
37
Calculate -4 + 4 + 0 + -52 - (-6 - (-17 + 12)).
-51
What is the value of (11 - ((4 - 21) + 7)) + 38?
59
4 - (42 + -2) - (-32 - -29) - (0 - -1)
-34
What is (-11 - -1) + (74 - (15 + -5 + 2)) + 11?
63
Calculate 94 + 0 - (6 - -3) - 16 - -3.
72
What is the value of 44 - 0 - ((12 - -111) + -117)?
38
Evaluate 283 + -192 - (53 - -33).
5
Calculate (108 + -160 - -32) + 3 + (30 - -3).
16
What is the value of (0 - -84) + -248 + -3 + 281?
114
Calculate -35 - (80 + -76 + -58).
19
Calculate -1 + -6 - (9 - (3 + 2)).
-11
Calculate -33 - (2 - 1 - (-20 - (-8 - 5 - 7))).
-34
-4 + (-1 - 3) + 13 + (114 - 16 - 17)
86
Calculate 21 - (4 - -34 - (196 - 149)).
30
Calculate 7 + 0 + (-8 - (-41 - -11)) + -11.
18
Evaluate -29 - (-56 - -9) - 8.
10
Evaluate -129 + 94 + -41 - (-1 - 5).
-70
What is (5 - (3 - (-5 - -9))) + 24?
30
What is 4 + ((-20 - -3) + 2 - -26)?
15
Evaluate (2 - (10 + -16)) + 1 + 2 - 18.
-7
What is the value of 1370 + -1307 - (3 - -117)?
-57
Calculate -3 + (15 + (-32 - -10) - -20) - (-4 - -1).
13
What is -71 + 25 + 9 + -17 + -3 + -9?
-66
What is 98 + -229 + 96 + -2?
-37
-2 + 3 - (-14 - (-4 + 5 + 5 + 1))
22
Evaluate 9 + (0 - 2) - (55 + -43) - (-4 - 52).
51
What is the value of -16 - (-16 + -19 + 14 + -32)?
37
Evaluate 4 + (55 - 20) - 23 - 117.
-101
(-1 - 1) + 16 + (110 - 47) + -32
45
What is the value of 0 + 7 - (112 - 136)?
31
5 + (4 - 46) + 0 - (-18 + (44 - 19))
-44
Evaluate 19 + 106 - (450 + -372).
47
What is the value of 34 + -31 - 5 - 21?
-23
-87 - -172 - (2 + 69)
14
Calculate 75 - (-1 - -209) - -62.
-71
12 + (-481 - -489 - (-3 + -1))
24
Evaluate 58 - (14 + -1 + 29 + -29).
45
What is the value of (-3 - -55) + -9 + (26 - (-8 - -19) - 0)?
58
What is (-16 - (9 - (2 + -4))) + 13 + -5 + 3?
-16
Evaluate (-41 - 62) + 42 + (-2 - 18).
-81
Evaluate -39 + -29 + 58 + (-39 - (0 + (-3 - -4))).
-50
What is 0 - (23 + (-28 - (-1 - 8)) + (1 - 16))?
11
What is -27 + (-68 - -2 - -107)?
14
What is the value of 65 + (0 - 2) + (-18 + -2 - -12) + 2?
57
Evaluate (76 + -22 - 28 - 21) + (0 - 9).
-4
Calculate 52 + 19 - (-25 - -86).
10
What is -50 + -37 + 151 + -48?
16
Evaluate -30 + -42 - (13 - 45).
-40
-21 + 34 - 20 - (-8 + 5)
-4
What is 58 - (-5 + -9 + (-20 - -34) + 13)?
45
What is -104 - ((7 - (6 - 13 - -6) - 5) + -10)?
-97
Evaluate 98 + -78 + 79 + -38 + 5.
66
What is the value of (-72 - 0 - (133 - 138)) + 7?
-60
Evaluate (-130 - (-66 - 83)) + (5 - (3 + -3)).
24
What is 295 + -251 - (-3 - -63)?
-16
(-5086 - -5177) + (1 - 3)
89
Calculate (-20 - (-10 - (14 - 34))) + 21.
-9
Evaluate (-98 - (52 - 261)) + -109.
2
What is -6785 - -6893 - (86 + -1)?
23
Calculate -63 + -11 + 148 - 65.
9
Calculate 50 - (9 - (10 + -3 + -8 + 9)).
49
What is the value of (-16 - ((-10 - 4) + 10 + -8)) + 64?
60
(1 - -16 - (-89 - -100)) + -22 + -4 + -3
-23
What is 4 - (-1 - 2) - (-19 - 6 - -22 - 10)?
20
Evaluate 3 - -11 - ((6 - (-6 - -17)) + 2 - -8).
9
What is the value of (-55 - (-10 - -12 - -8) - (-7 + -4)) + -9?
-63
What is the value of 87 + (-19 - (18 + -4 + -5))?
59
(-17 + -5 - -31) + -26 + 4
-13
(104 - (36 + -22)) + 6 + (-13 - 1)
82
What is the value of 58 + (11 - (207 + -43))?
-95
Calculate -1349 + 1364 + (34 - 2).
47
Calculate (3 + 12 - (9 - (13 + -22))) + 2 + -36.
-37
Calculate (9 - 4) + -71 + (-6 - -4) + (3 - 1).
-66
5 - (-1 - -2) - (1 + -23 + 14 + -21)
33
What is -14 - (-9 + 13) - 33 - -13?
-38
What is the value of 18 + -11 - (-29 + 29 - -7) - 48?
-48
44 + (-1 - -3 - (-7 - -9)) + (892 - 880)
56
What is -1 + 7 + (5 - (3 - (5 + -3)) - 11)?
-1
What is the value of -285 - -296 - (-1 - -9)?
3
What is -16 + -11 + -2 + 77 + 0 + 5?
53
-17 - 2 - (114 - 123) - (44 + (19 - 7))
-66
What is the value of (-3 - 13) + -6 + (-41 - -33)?
-30
What is 5 - (46 + -12 + -19 + 16)?
-26
Evaluate (456 - 453) + (-10 - -1) + 0 + -34.
-40
Evaluate -19 - (23 + -4 - 16 - 13).
-9
Evaluate (1 - (5 - 10)) + -15 - (5 - 45).
31
(7 